- -30. What is the highest common divisor of d and r?
9
Let s be (-43)/(-5) - 21/35. Calculate the highest common factor of 8 and s.
8
Let d(v) = 10*v - 5*v**3 + 23*v + 5*v**3 - v**3 - 4 + 14*v**2. Let c be d(16). What is the highest common factor of c and 2?
2
Suppose -4*h = 27*h - 248. What is the greatest common factor of 216 and h?
8
Let o = -382 - -582. What is the highest common factor of o and 20?
20
Suppose -25*v + 42*v = 1530. Calculate the highest common divisor of v and 250.
10
Suppose 2*h = 7 + 29. What is the highest common divisor of h and 14?
2
Let b = 4561 + -4524. Let d be (36 - -1)*(2 + 5). Calculate the greatest common divisor of b and d.
37
Let t(m) = m**3 - 2*m**2 - 2*m + 2. Let w be t(3). Suppose -208 = -w*a + 432. Suppose -2*s + 0*s + 32 = 0. What is the highest common divisor of s and a?
16
Let t be 44/2 - (-4 + 1 - -5). What is the highest common divisor of 70 and t?
10
Suppose 2*z + 67 = 305. Let w(l) = l**2 - 57*l + 59*l + 15 + 2. Let t be w(0). Calculate the greatest common factor of t and z.
17
Let n be 26/7 + 24/84. Suppose 5*u = -n*u + 99. What is the highest common factor of 1 and u?
1
Suppose 0 = -81*v + 84*v - 1380. What is the highest common divisor of 92 and v?
92
Suppose -38*o + 770 - 589 + 1947 = 0. Let y = -13 - -21. Calculate the highest common factor of o and y.
8
Let t be 834/4 - (-8)/(32/6). Calculate the greatest common factor of t and 20.
10
Let a = 475 - 234. Let s = -133 + a. Suppose -3*w + 48 - 12 = 0. Calculate the greatest common factor of s and w.
12
Let r = -14 + 10. Let d(u) = 12*u**2 + 5*u + 4. Let v be d(r). Let g(o) = 2*o**2 - 2. Let t be g(-3). What is the greatest common divisor of t and v?
16
Let a = -104 + 193. Let u = a - 41. Suppose 42 = 2*m - u. What is the highest common factor of 18 and m?
9
Suppose 2*r - 3*n + 5 + 7 = 0, 4 = 5*r + n. Let f be -24*(r + 30/4). Let k be f/(-35) + (-2)/14. What is the greatest common divisor of 35 and k?
5
Suppose 3*b + 2*b + 39 = 2*p, -b = 3. Calculate the highest common divisor of 32 and p.
4
Suppose 790 = 15*n - 5*n. Let c = n + -64. Calculate the greatest common divisor of 5 and c.
5
Suppose 9*y - 3956 - 5530 = 0. What is the highest common factor of 34 and y?
34
Let s(i) = -64*i - 2. Let j be s(-3). Let d = j - 120. Calculate the highest common factor of d and 56.
14
Let b be (-3)/(-1 - (-20)/35). Suppose -8*t + 16*t = 392. Calculate the greatest common factor of b and t.
7
Let q = 68 + -3. Let h = 91 - q. Calculate the greatest common factor of 65 and h.
13
Let x = -19 + 15. Let m be 4 + 20/x - -16. What is the greatest common factor of 15 and m?
15
Let l = 48 - 31. Let h = l + -13. Suppose 4*j = -j - h*i + 430, i + 5 = 0. What is the highest common divisor of j and 10?
10
Let m(j) = -j**2 - 14*j - 22. Let x be m(-12). Suppose 3*k = 4*d + 536, 3*k = x*k - 4*d + 200. What is the highest common factor of 23 and k?
23
Let s = 324 + -296. What is the greatest common divisor of s and 44?
4
Suppose 4*d = 3*h - 16 - 12, -h - 4 = 2*d. Suppose 0 = -3*r + 94 - h. What is the greatest common divisor of 6 and r?
6
Let p = -167 - -213. Calculate the highest common factor of p and 506.
46
Let k(x) = 8*x**3 - 2*x**2 + 18*x - 20. Let c be k(2). Calculate the highest common divisor of 81 and c.
9
Suppose -447 = -4*x + 225. Suppose 7*z = 3*z + x. What is the highest common divisor of z and 6?
6
Let d(c) = 5*c**2 + 3*c + 4. Let x(m) = -6*m**2 - 2*m - 4. Let a(t) = -7*d(t) - 6*x(t). Let w be a(10). What is the highest common divisor of 66 and w?
6
Let n be ((-84)/(-49))/(1/21). Suppose a - 4*m - 15 = 0, 2*a + 105 = 7*a - 5*m. Let z = a - 19. Calculate the greatest common factor of n and z.
4
Let b = 79 + -67. Let z be (-62)/(-6) - (-2)/3. Let n = b - z. What is the greatest common factor of 7 and n?
1
Let d be (160/(-24))/(4/(-6)). Suppose 5*a + 65 = d*a. Calculate the greatest common factor of a and 39.
13
Let s = 3 + 5. Suppose 0 = -c - o + 4, -5*o = -o - s. What is the highest common divisor of 1 and c?
1
Let l(r) = r**3 - 2*r**2 - r - 3. Let t be l(3). Suppose -6*o + t*o + 36 = 0. Calculate the greatest common divisor of 8 and o.
4
Suppose 0 = -681*h + 688*h - 84. Let p be (1/1)/((-2)/(-162)). Suppose -r = 2*l - 63, 18 + p = 3*l + 3*r. What is the greatest common divisor of h and l?
6
Let t be 2/4 - (-2)/(-4). Let j = 5 + 4. Let y = j + t. Calculate the greatest common factor of y and 18.
9
Let u = 1859 - 1067. What is the greatest common divisor of u and 88?
88
Suppose -2*q - q + 761 = -k, 2*k = -4*q + 998. Calculate the highest common divisor of 72 and q.
36
Suppose -20*y - 4*g = -18*y - 26, 0 = y + 4*g - 15. Calculate the highest common factor of y and 264.
11
Let o = 382 + -239. What is the highest common factor of o and 33?
11
Let v = -372 + 519. Calculate the highest common factor of 14 and v.
7
Suppose 680 = 3877*f - 3872*f. Calculate the greatest common divisor of 1564 and f.
68
Let o = -4 + -14. Let q = 51 + o. What is the highest common factor of 6 and q?
3
Let l = -1092 + 1114. Calculate the greatest common factor of 704 and l.
22
Let n be 3/(-9) + 106/3. Let b(g) = -g**3 + 4*g**2 + g + 2. Let k be b(4). Suppose 0 = k*o - 4*o - 28. What is the greatest common divisor of o and n?
7
Suppose 3*o - 432 = -15*o. What is the greatest common divisor of o and 144?
24
Suppose 0 = -2*k + 2*v + 70, -4*k + 2*v + 134 = v. What is the greatest common factor of 330 and k?
33
Let j = 613 + -570. What is the highest common divisor of 129 and j?
43
Let w = 71 - -7. What is the highest common factor of w and 6?
6
Let p(r) = r**2 + 4. Let v be p(-3). Let s = v - 11. Suppose 3 = -c + s*c. Calculate the greatest common divisor of c and 3.
3
Let j(l) = -40*l - 5. Let q be j(2). Let u = q - -133. Calculate the greatest common divisor of 72 and u.
24
Suppose -d = -4*o + 5856, 3*o + 2*d - 4377 = -d. What is the greatest common factor of o and 77?
77
Let p be 2/(-6) - 25/(-3). Let t be 9*8/60*480/9. What is the highest common factor of p and t?
8
Suppose 3*o - 284 = 3*k + o, -5*k - 468 = 2*o. Let s = -76 - k. Calculate the greatest common divisor of 45 and s.
9
Suppose 3*u = 16 + 32. Suppose -s + 2*p + 58 = 0, 34*s - 4*p + 76 = 35*s. What is the highest common divisor of s and u?
16
Suppose -6 = -2*z - 0. Suppose -5*b + 67 = z*t, -b + 2*t + 7 = t. What is the highest common divisor of 33 and b?
11
Suppose -110*w + 672 = -98*w. Calculate the greatest common divisor of 217 and w.
7
Let k = -303 + 373. What is the greatest common divisor of 245 and k?
35
Let k be 2*(-3 + 9/2). Suppose 5*o - 2*c + c - 702 = 0, k*o - 426 = 3*c. Calculate the highest common divisor of 20 and o.
20
Let b(r) = -78*r**3 - 2*r**2 - r. Let y be (-20)/25 + (-2)/10. Let p be b(y). What is the greatest common divisor of 7 and p?
7
Suppose y - 42 = -0*y. Suppose -4*g + 36 + 48 = 0. What is the highest common divisor of g and y?
21
Let o(r) = r**2 - 15*r - 7. Let y(d) = 2*d**2 - 29*d - 14. Let h(b) = -11*o(b) + 6*y(b). Let p be h(10). What is the highest common factor of 9 and p?
3
Let d be (-6)/(-18) - ((-4)/(-3) - 1). Suppose -2*b + s + 13 = d, -9*b + 5*s + 35 = -4*b. Calculate the highest common divisor of b and 48.
6
Let f(x) = -x**2 + 23*x + 8. Let w be f(21). Let c = w + -34. What is the greatest common factor of c and 48?
16
Let o = -34 + 20. Let a(d) = -3*d - 74. Let r(g) = -2*g - 49. Let v(p) = 5*a(p) - 8*r(p). Let n be v(o). What is the greatest common divisor of 16 and n?
8
Suppose 8 = -2*m + 6*m - 4*b, -5*m - 4*b = -19. Let r be ((-49)/(-14))/(m/54). Suppose -4*j + 49 = -r. What is the greatest common factor of 56 and j?
28
Suppose -1 = 2*w - 7. Let p = w + 15. What is the greatest common divisor of 45 and p?
9
Suppose -2*n = k + 13 - 50, -3*k + 11 = n. Let p = n - 20. Suppose -4*j + g + 224 = 0, p*j + 3*j = 3*g + 177. Calculate the highest common factor of 11 and j.
11
Let o be (2 + (-1 - -2))/(-1). Let h(x) = x**3 + 2*x**2 - 4*x. Let j be h(o). Let n = 12 - j. What is the highest common divisor of 18 and n?
9
Suppose -2*l + 4*i + 63 = -55, 3*l = -2*i + 145. Calculate the greatest common factor of l and 255.
51
Let n(a) = 127*a + 13. Let k be n(13). Suppose 0*i - k = -8*i. Calculate the greatest common factor of i and 16.
16
Let r be ((-49)/(-7))/(2/90 - 0). What is the highest common divi